. What are the prime factors of j?
2
Suppose b = -2*b + 12. Suppose 0*j = -3*j - b*t + 17, 59 = 5*j - t. List the prime factors of j.
11
List the prime factors of (104 + -4 - 2) + -1.
97
Let f be ((-14)/(-5))/((-2)/10). What are the prime factors of (-1 - f) + 4/(-4)?
2, 3
Let l be -1 - (-10)/(-1)*-1. Let r = 8 + l. What are the prime factors of r?
17
Suppose -5*f = 25, -4 - 1 = 3*s + 4*f. Suppose -n + s = -0*n. What are the prime factors of n?
5
Suppose t - 3*t = -14. List the prime factors of t.
7
Let j = 0 + 3. Suppose -i + 120 = j*i. What are the prime factors of i?
2, 3, 5
Let i(g) = 3*g**3 - 2*g**2 + 2*g. Let p = -13 - -15. What are the prime factors of i(p)?
2, 5
Suppose 18*l - 10*l - 3456 = 0. List the prime factors of l.
2, 3
Suppose -5*k = -2*h - 0*h + 242, -4*k - 349 = -3*h. What are the prime factors of h?
3, 37
Let r(u) = -u**2 + 2*u - 2. Let p be r(1). What are the prime factors of p/(-2) - 470/(-20)?
2, 3
Let z be (-8 - 7)*320/6. What are the prime factors of 6/(-27) - z/36?
2, 11
Let h = 20 - 15. Suppose h*t + 3*r - 24 = 49, 2*t + 5*r = 33. List the prime factors of t.
2, 7
Let v = 0 - -1. Let n = v + 3. List the prime factors of n.
2
Suppose -u - 4 = 0, 0 = w - 5*w - 5*u - 12. Suppose w*l + o - 7 = 7, 2*l - 8 = 2*o. List the prime factors of l.
2, 3
Let z(c) = -c**2 - 12*c + 19. What are the prime factors of z(-10)?
3, 13
Suppose f - q = 6, -2*f - f = 3*q + 6. Let s be 3 - 0 - -1*f. Suppose -s = -3*x + 13. List the prime factors of x.
2, 3
Let o be 0/2 + 2 + 1. Suppose -o*r = -r - 56. What are the prime factors of r?
2, 7
What are the prime factors of 4/(-7) - (-4014)/42?
5, 19
Suppose 0 = -3*v - 0*v + 3. Let n(k) be the second derivative of 9*k**5/20 - k**3/6 - 2*k. List the prime factors of n(v).
2
Suppose -2*k + 41 = -6*f + f, f - 11 = -2*k. Let m = 5 + k. List the prime factors of m.
13
Let a(x) = 2*x**2 - 2*x + 2. Suppose 0 = -v - 4*v - 35. Let o(l) = -l**2 - 8*l - 5. Let y be o(v). List the prime factors of a(y).
2, 3
Suppose -3*a + 113 = -79. List the prime factors of a.
2
Suppose 0 = 4*c + 360 - 64. Let u = c + 107. List the prime factors of u.
3, 11
Suppose -5*h = 2*c - 408, 2*h - 169 = -c + 35. List the prime factors of c.
2, 3, 17
Let f be ((-24)/(-9))/4*15. Suppose 31 + 4 = -5*v. Let d = f + v. What are the prime factors of d?
3
What are the prime factors of (924/(-70))/(3/(-10))?
2, 11
Let d = -89 + 300. What are the prime factors of d?
211
Let y be (0 - -1)/((-4)/(-8)). Suppose 3*o - y*k - 3*k = 6, -3*o + 24 = k. What are the prime factors of o?
7
Let m(h) = 2*h + 1. Suppose -61 = 4*j - 3*l, -5*j + 0*l - 53 = 4*l. Let c(w) = w**2 + 13*w + 4. Let k be c(j). What are the prime factors of m(k)?
3
Suppose 0 = -3*f + 4*f - 2. Suppose m - 15 = f. List the prime factors of m.
17
Suppose 0 = -4*k + 3*k + 5. Suppose -10 = -k*w - 0*w. Suppose -s = -3*v - 5 + 51, -v - w*s = -20. What are the prime factors of v?
2
Let b = 114 - 68. Let a = b + -28. Let m = a + -9. What are the prime factors of m?
3
Let z(k) = k**2 - 3*k - 4. Let o be z(-9). Let b = -67 + o. What are the prime factors of b?
37
Let m = 6 + -4. Suppose m*x + 1 = 3*x. Suppose 0 = -w - 2*q + x, 2*q = -2*w + 8 - 2. What are the prime factors of w?
5
Let y(v) = -2*v - 15. Let z be y(-10). Let i be (-10)/(-25)*1*z. List the prime factors of (5 + i - -1) + -2.
2, 3
Let t = -24 + 36. What are the prime factors of t?
2, 3
Let l(n) = n**3 + 15*n**2 + 27*n - 24. What are the prime factors of l(-12)?
2, 3, 7
Let k = 15 - 7. Suppose g - 8 = -f, 0*g + 2*f + 5 = 5*g. Suppose c + g*c = k. List the prime factors of c.
2
Suppose z + 3 = 2. Let a(g) = -8*g. What are the prime factors of a(z)?
2
Let a(u) = u**2 - 10*u - 6. Let p be a(6). Let q = 17 + p. Let k = q + 21. List the prime factors of k.
2
Let b = 63 + -35. Let j = -23 + b. List the prime factors of j.
5
Suppose -3*z - 11*z + 5796 = 0. What are the prime factors of z?
2, 3, 23
Let v(h) be the second derivative of 17*h**4/12 - h**3/3 + h**2/2 - 23*h. Let k(j) = -j**2 + 4*j - 2. Let i be k(3). List the prime factors of v(i).
2
Let v(r) be the third derivative of r**5/60 + 5*r**4/24 + r**3/2 + 6*r**2. What are the prime factors of v(-8)?
3
Suppose -138 = -2*n + 2*b, -b = -2*n + 3*n - 59. What are the prime factors of n?
2
Let q(t) be the third derivative of -1/120*t**6 - 1/8*t**4 - 1/15*t**5 - 2/3*t**3 - t**2 + 0 + 0*t. List the prime factors of q(-4).
2
Let c(w) = w**2 - 2*w - 3. Let s be c(-4). Let t be (-1)/(-3) + s/(-9). List the prime factors of t/3 - (-58)/6.
3
Suppose -2*i - 60 = -3*i + q, -i = -2*q - 57. What are the prime factors of i?
3, 7
Let a(z) = -5*z - 2. Let w be a(4). Let c be (w/(-6) + -2)*-3. Let s = c + 7. List the prime factors of s.
2
What are the prime factors of 2/(1/24*4)?
2, 3
Suppose 0 = -4*q + 3*n + 197, 3*n + n = -5*q + 254. List the prime factors of q.
2, 5
Suppose -4 = 4*z - 5*z, 2*z - 14 = -3*d. Suppose -3*t = -4*t - d. Let w = t + 7. What are the prime factors of w?
5
List the prime factors of 4/22 - 10430/(-110).
5, 19
Let f(m) = 4*m**3 + 6*m**2 + 2. Let b(y) = 3*y**3 + 5*y**2 + 2. Let l(c) = 5*b(c) - 4*f(c). List the prime factors of l(-3).
2, 19
List the prime factors of 139/7 - (-4)/28.
2, 5
Let v(p) = p**2 - 5*p. Suppose 5 = 3*h - 2*h. Let q be v(h). Suppose q*f = -5*f - i + 31, 8 = f + 2*i. List the prime factors of f.
2, 3
Suppose 2*r - 48 = -5*j, -4*j + 7*j = 5*r - 89. Let y = -13 + r. List the prime factors of y.
2, 3
Suppose -11 - 1 = -4*h. What are the prime factors of (-6)/4*(-34)/h?
17
Let d = -23 - -260. List the prime factors of d.
3, 79
List the prime factors of 2*(284/(-8))/(-1).
71
Suppose -3*u + 2*y = -93, y + 3*y = 3*u - 87. Let t = 59 - u. What are the prime factors of t?
2, 13
What are the prime factors of (-1255)/(-20) + 2/8?
3, 7
Let r be (10 - 1)/(6/4). Let y(o) be the third derivative of o**5/60 - o**4/8 - 5*o**3/6 + o**2. What are the prime factors of y(r)?
13
Let g(o) = -o**2 - 17*o + 2. Let k be g(-17). Suppose 2*y + 1 = -3*z - k*y, -3*z = 3*y - 3. What are the prime factors of z?
5
Let t be (-1 + -1)*(-11 - -1). Suppose -b + t = b. List the prime factors of b.
2, 5
Let k(q) = -2*q. What are the prime factors of k(-9)?
2, 3
Let q(x) = -14*x**2 - x - 2. Let r(t) = t + 1. Let v(c) = -q(c) - 2*r(c). Let f(l) = l**2 - 4*l + 3. Let u be f(2). What are the prime factors of v(u)?
3, 5
Let z = 3 - 7. Let j be (z/5)/(4/(-70)). Suppose 5*w - 3*w - j = 0. List the prime factors of w.
7
Let a = -3 + 2. Let n be a + 30 - 0 - 2. Let o = n + -15. List the prime factors of o.
2, 3
Suppose 3*m + 0*m - 12 = 0. Suppose -h - m = -19. List the prime factors of h.
3, 5
Let m(d) = -11*d**3 + 25*d**2 + 6*d - 17. Let v(q) = 5*q**3 - 12*q**2 - 3*q + 8. Let s(x) = -6*m(x) - 13*v(x). List the prime factors of s(-5).
2
Suppose 2*b - 33 = -b. Suppose -2*s + 24 = 4*l, s = -6*l + 8*l - 16. Let z = b - l. List the prime factors of z.
2
Let b(l) = 13*l**2 + 23*l + 10. Let n(d) = -7*d**2 - 12*d - 5. Let y(c) = 6*b(c) + 11*n(c). List the prime factors of y(-6).
5
Suppose 456 = 47*q - 43*q. What are the prime factors of q?
2, 3, 19
What are the prime factors of -4 - (4 - 4) - -49?
3, 5
Suppose 5*s - 26 = -3*h + 6*h, 4*h + 4 = -s. Suppose 0*x + s*y = -3*x + 35, -2*y = 2*x - 26. List the prime factors of x.
17
List the prime factors of -2 + 13 + (1 - (4 + -5)).
13
Let m = 685 - 472. What are the prime factors of (-2)/14 + m/21?
2, 5
Let t(p) = p**3 - 2*p**2 - 2. Let j be t(4). Let o be j/5 + (0 - 2). Suppose -5*v = -2*n - 4, -7*n + 2*n = -o*v - 24. List the prime factors of n.
2
Let b = -240 + 355. What are the prime factors of b?
5, 23
Let p(j) = 14*j**2 + 4*j - 18. List the prime factors of p(3).
2, 3, 5
Suppose -15 = -5*r - x, 4*r + 3*x - 13 = 2*x. Suppose 7 = -r*z + 71. List the prime factors of z.
2
Let m = 156 - 94. List the prime factors of m.
2, 31
Suppose 18 = -5*t - 6*o + 3*o, -3*t - 2*o - 10 = 0. List the prime factors of (-228)/18*t/4.
19
Let a = 209 + -139. Suppose 2*h - 4*h - a = -2*l, 5 = -h. List the prime factors of l.
2, 3, 5
Suppose -4*d + 2 = 3*y + 31, -4*d = -5*y + 5. Let s = y + 3. Suppose 0 = g - s - 3. What are the prime factors of g?
3
Let r be (-10)/4*(-32)/10. Suppose -88 = 3*k - r*k + 3*h, 63 = 4*k + 5*h. List the prime factors of k.
17
List the prime factors of 2/16 